{"id":197,"date":"2025-11-10T09:09:29","date_gmt":"2025-11-10T09:09:29","guid":{"rendered":"https:\/\/realtormariasoto.com\/?page_id=197"},"modified":"2025-11-10T09:22:39","modified_gmt":"2025-11-10T09:22:39","slug":"compra-tu-vivienda-sin-inicial","status":"publish","type":"page","link":"https:\/\/realtormariasoto.com\/?page_id=197","title":{"rendered":"Compra tu vivienda sin inicial"},"content":{"rendered":"\t\t<div data-elementor-type=\"wp-page\" data-elementor-id=\"197\" class=\"elementor elementor-197\" data-elementor-post-type=\"page\">\n\t\t\t\t<div class=\"aux-parallax-section elementor-element elementor-element-cd4e581 e-flex e-con-boxed e-con e-parent\" data-id=\"cd4e581\" data-element_type=\"container\">\n\t\t\t\t\t<div class=\"e-con-inner\">\n\t\t\t\t<div class=\"elementor-element elementor-element-5adc4f0 elementor-widget elementor-widget-heading\" data-id=\"5adc4f0\" data-element_type=\"widget\" data-widget_type=\"heading.default\">\n\t\t\t\t<div class=\"elementor-widget-container\">\n\t\t\t\t\t<h2 class=\"elementor-heading-title elementor-size-default\">\ud83c\udfe1 Compra tu vivienda sin inicial<\/h2>\t\t\t\t<\/div>\n\t\t\t\t<\/div>\n\t\t\t\t<div class=\"elementor-element elementor-element-333ca70 elementor-widget elementor-widget-text-editor\" data-id=\"333ca70\" data-element_type=\"widget\" data-widget_type=\"text-editor.default\">\n\t\t\t\t<div class=\"elementor-widget-container\">\n\t\t\t\t\t\t\t\t\t<p>\u00a1S\u00ed es posible cumplir el sue\u00f1o de tener <b>casa propia sin pagar cuota inicial<\/b>!<\/p>\n<p>En Realtor Maria Angela Soto, te ayudamos a acceder a los programas disponibles que permiten comprar tu casa sin dar dinero de entrada. Ya sea tu primera vivienda o un nuevo comienzo para tu familia, existen alternativas que cubren hasta el 100 % del valor del pr\u00e9stamo, y nosotros te guiamos paso a paso.<\/p>\n<p><\/p>\t\t\t\t\t\t\t\t<\/div>\n\t\t\t\t<\/div>\n\t\t\t\t\t<\/div>\n\t\t\t\t<\/div>\n\t\t<div class=\"aux-parallax-section elementor-element elementor-element-9c79140 e-flex e-con-boxed e-con e-parent\" data-id=\"9c79140\" data-element_type=\"container\">\n\t\t\t\t\t<div class=\"e-con-inner\">\n\t\t<div class=\"elementor-element elementor-element-4400e5b e-con-full e-flex e-con e-child\" data-id=\"4400e5b\" data-element_type=\"container\">\n\t\t\t\t<div class=\"elementor-element elementor-element-ccf87b9 elementor-widget elementor-widget-heading\" data-id=\"ccf87b9\" data-element_type=\"widget\" data-widget_type=\"heading.default\">\n\t\t\t\t<div class=\"elementor-widget-container\">\n\t\t\t\t\t<h2 class=\"elementor-heading-title elementor-size-default\">\ud83d\udca1 \u00bfC\u00f3mo funciona?\n<div><span style=\"letter-spacing: 0px\"><\/span><\/div><\/h2>\t\t\t\t<\/div>\n\t\t\t\t<\/div>\n\t\t\t\t<div class=\"elementor-element elementor-element-2403946 elementor-widget elementor-widget-text-editor\" data-id=\"2403946\" data-element_type=\"widget\" data-widget_type=\"text-editor.default\">\n\t\t\t\t<div class=\"elementor-widget-container\">\n\t\t\t\t\t\t\t\t\t<p>Algunos programas estatales o federales ofrecen asistencia para el pago inicial (Down Payment Assistance).<\/p><p>T\u00fa solo necesitas cumplir con ciertos requisitos b\u00e1sicos de cr\u00e9dito e ingresos.<\/p><p>Nosotros te conectamos con prestamistas de confianza que manejan estos programas.<\/p><p>Desde la precalificaci\u00f3n hasta la entrega de llaves, te acompa\u00f1amos en todo el proceso.<\/p><p>\u00a0<\/p>\t\t\t\t\t\t\t\t<\/div>\n\t\t\t\t<\/div>\n\t\t\t\t<\/div>\n\t\t<div class=\"elementor-element elementor-element-a3df68f e-con-full e-flex e-con e-child\" data-id=\"a3df68f\" data-element_type=\"container\">\n\t\t\t\t<div class=\"elementor-element elementor-element-55aec3e elementor-widget elementor-widget-heading\" data-id=\"55aec3e\" data-element_type=\"widget\" data-widget_type=\"heading.default\">\n\t\t\t\t<div class=\"elementor-widget-container\">\n\t\t\t\t\t<h2 class=\"elementor-heading-title elementor-size-default\">\u2705 Beneficios<span style=\"letter-spacing: 0px\"><\/span><\/h2>\t\t\t\t<\/div>\n\t\t\t\t<\/div>\n\t\t\t\t<div class=\"elementor-element elementor-element-1fe7c2e elementor-widget elementor-widget-text-editor\" data-id=\"1fe7c2e\" data-element_type=\"widget\" data-widget_type=\"text-editor.default\">\n\t\t\t\t<div class=\"elementor-widget-container\">\n\t\t\t\t\t\t\t\t\t<p>No necesitas grandes ahorros para comenzar.<\/p><p>Puedes aprovechar tasas de inter\u00e9s competitivas.<\/p><p>Ideal para familias j\u00f3venes o quienes reci\u00e9n comienzan en EE. UU.<\/p><p>Aumentas tu patrimonio desde ya, sin esperar \u201cel momento perfecto\u201d.<\/p>\t\t\t\t\t\t\t\t<\/div>\n\t\t\t\t<\/div>\n\t\t\t\t<\/div>\n\t\t\t\t\t<\/div>\n\t\t\t\t<\/div>\n\t\t<div class=\"aux-parallax-section elementor-element elementor-element-34f9eb5 e-flex e-con-boxed e-con e-parent\" data-id=\"34f9eb5\" data-element_type=\"container\">\n\t\t\t\t\t<div class=\"e-con-inner\">\n\t\t<div class=\"elementor-element elementor-element-1abdd37 e-con-full e-flex e-con e-child\" data-id=\"1abdd37\" data-element_type=\"container\" data-settings=\"{&quot;background_background&quot;:&quot;classic&quot;}\">\n\t\t\t\t<div class=\"elementor-element elementor-element-1599793 elementor-widget elementor-widget-heading\" data-id=\"1599793\" data-element_type=\"widget\" data-widget_type=\"heading.default\">\n\t\t\t\t<div class=\"elementor-widget-container\">\n\t\t\t\t\t<h2 class=\"elementor-heading-title elementor-size-default\">\ud83d\udccb Requisitos generales<span style=\"font-size: 2.1em;letter-spacing: 0px\"><\/span><\/h2>\t\t\t\t<\/div>\n\t\t\t\t<\/div>\n\t\t\t\t<div class=\"elementor-element elementor-element-90ee6f6 elementor-widget elementor-widget-text-editor\" data-id=\"90ee6f6\" data-element_type=\"widget\" data-widget_type=\"text-editor.default\">\n\t\t\t\t<div class=\"elementor-widget-container\">\n\t\t\t\t\t\t\t\t\t<p>(Estos pueden variar seg\u00fan el programa)<\/p><p>Tener ingresos estables.<\/p><p>Buen historial de cr\u00e9dito o disposici\u00f3n para mejorarlo.<\/p><p>La propiedad debe ser tu residencia principal.<\/p><p>Completar una breve orientaci\u00f3n sobre compra de vivienda.<\/p>\t\t\t\t\t\t\t\t<\/div>\n\t\t\t\t<\/div>\n\t\t\t\t<\/div>\n\t\t\t\t\t<\/div>\n\t\t\t\t<\/div>\n\t\t<div class=\"aux-parallax-section elementor-element elementor-element-7cd4b97 e-flex e-con-boxed e-con e-parent\" data-id=\"7cd4b97\" data-element_type=\"container\">\n\t\t\t\t\t<div class=\"e-con-inner\">\n\t\t\t\t<div class=\"elementor-element elementor-element-cf2b861 elementor-widget elementor-widget-heading\" data-id=\"cf2b861\" data-element_type=\"widget\" data-widget_type=\"heading.default\">\n\t\t\t\t<div class=\"elementor-widget-container\">\n\t\t\t\t\t<h2 class=\"elementor-heading-title elementor-size-default\">\ud83e\udd1d Te acompa\u00f1amos paso a paso<\/h2>\t\t\t\t<\/div>\n\t\t\t\t<\/div>\n\t\t\t\t<div class=\"elementor-element elementor-element-7dcd4d3 elementor-widget elementor-widget-text-editor\" data-id=\"7dcd4d3\" data-element_type=\"widget\" data-widget_type=\"text-editor.default\">\n\t\t\t\t<div class=\"elementor-widget-container\">\n\t\t\t\t\t\t\t\t\t<p>Yo, Maria Angela Soto, Realtor en Florida, te ayudar\u00e9 a:<\/p><p>1. Evaluar si calificas.<\/p><p>2. Conectarte con el pr\u00e9stamo correcto.<\/p><p>3. Buscar la casa ideal seg\u00fan tu presupuesto.<\/p><p>4. Cerrar la compra sin estr\u00e9s.<\/p>\t\t\t\t\t\t\t\t<\/div>\n\t\t\t\t<\/div>\n\t\t\t\t<div class=\"elementor-element elementor-element-192a684 elementor-align-center elementor-widget elementor-widget-button\" data-id=\"192a684\" data-element_type=\"widget\" data-widget_type=\"button.default\">\n\t\t\t\t<div class=\"elementor-widget-container\">\n\t\t\t\t\t\t\t\t\t<div class=\"elementor-button-wrapper\">\n\t\t\t\t\t<a class=\"elementor-button elementor-button-link elementor-size-sm\" href=\"https:\/\/walink.co\/073d74\">\n\t\t\t\t\t\t<span class=\"elementor-button-content-wrapper\">\n\t\t\t\t\t\t<span class=\"elementor-button-icon\">\n\t\t\t\t<i aria-hidden=\"true\" class=\"fab fa-whatsapp\"><\/i>\t\t\t<\/span>\n\t\t\t\t\t\t\t\t\t<span class=\"elementor-button-text\">Env\u00edame un WhasApp<\/span>\n\t\t\t\t\t<\/span>\n\t\t\t\t\t<\/a>\n\t\t\t\t<\/div>\n\t\t\t\t\t\t\t\t<\/div>\n\t\t\t\t<\/div>\n\t\t\t\t\t<\/div>\n\t\t\t\t<\/div>\n\t\t\t\t<\/div>\n\t\t","protected":false},"excerpt":{"rendered":"<p>\ud83c\udfe1 Compra tu vivienda sin inicial \u00a1S\u00ed es posible cumplir el sue\u00f1o de tener casa propia sin pagar cuota inicial! En Realtor Maria Angela Soto, te ayudamos a acceder a los programas disponibles que permiten comprar tu casa sin dar dinero de entrada. Ya sea tu primera vivienda o un nuevo comienzo para tu familia, [&hellip;]<\/p>\n","protected":false},"author":2,"featured_media":0,"parent":0,"menu_order":0,"comment_status":"closed","ping_status":"closed","template":"","meta":{"footnotes":""},"class_list":["post-197","page","type-page","status-publish","hentry"],"_links":{"self":[{"href":"https:\/\/realtormariasoto.com\/index.php?rest_route=\/wp\/v2\/pages\/197","targetHints":{"allow":["GET"]}}],"collection":[{"href":"https:\/\/realtormariasoto.com\/index.php?rest_route=\/wp\/v2\/pages"}],"about":[{"href":"https:\/\/realtormariasoto.com\/index.php?rest_route=\/wp\/v2\/types\/page"}],"author":[{"embeddable":true,"href":"https:\/\/realtormariasoto.com\/index.php?rest_route=\/wp\/v2\/users\/2"}],"replies":[{"embeddable":true,"href":"https:\/\/realtormariasoto.com\/index.php?rest_route=%2Fwp%2Fv2%2Fcomments&post=197"}],"version-history":[{"count":5,"href":"https:\/\/realtormariasoto.com\/index.php?rest_route=\/wp\/v2\/pages\/197\/revisions"}],"predecessor-version":[{"id":206,"href":"https:\/\/realtormariasoto.com\/index.php?rest_route=\/wp\/v2\/pages\/197\/revisions\/206"}],"wp:attachment":[{"href":"https:\/\/realtormariasoto.com\/index.php?rest_route=%2Fwp%2Fv2%2Fmedia&parent=197"}],"curies":[{"name":"wp","href":"https:\/\/api.w.org\/{rel}","templated":true}]}}