{"id":186,"date":"2025-10-31T06:25:21","date_gmt":"2025-10-31T06:25:21","guid":{"rendered":"https:\/\/realtormariasoto.com\/?page_id=186"},"modified":"2025-10-31T06:46:06","modified_gmt":"2025-10-31T06:46:06","slug":"servicios","status":"publish","type":"page","link":"https:\/\/realtormariasoto.com\/?page_id=186","title":{"rendered":"SERVICIOS"},"content":{"rendered":"\t\t<div data-elementor-type=\"wp-page\" data-elementor-id=\"186\" class=\"elementor elementor-186\" data-elementor-post-type=\"page\">\n\t\t\t\t<div class=\"aux-parallax-section elementor-element elementor-element-36becc2 e-flex e-con-boxed e-con e-parent\" data-id=\"36becc2\" data-element_type=\"container\">\n\t\t\t\t\t<div class=\"e-con-inner\">\n\t\t\t\t<div class=\"elementor-element elementor-element-6aefb4b elementor-widget elementor-widget-heading\" data-id=\"6aefb4b\" data-element_type=\"widget\" data-widget_type=\"heading.default\">\n\t\t\t\t<div class=\"elementor-widget-container\">\n\t\t\t\t\t<h1 class=\"elementor-heading-title elementor-size-default\">SERVICIOS<\/h1>\t\t\t\t<\/div>\n\t\t\t\t<\/div>\n\t\t\t\t\t<\/div>\n\t\t\t\t<\/div>\n\t\t<div class=\"aux-parallax-section elementor-element elementor-element-59db651 e-con-full e-flex e-con e-parent\" data-id=\"59db651\" data-element_type=\"container\">\n\t\t<div class=\"elementor-element elementor-element-4df7609 e-con-full e-flex e-con e-child\" data-id=\"4df7609\" data-element_type=\"container\">\n\t\t\t\t<\/div>\n\t\t<div class=\"elementor-element elementor-element-37dbc64 e-con-full e-flex e-con e-child\" data-id=\"37dbc64\" data-element_type=\"container\">\n\t\t\t\t<div class=\"elementor-element elementor-element-f3b1a75 elementor-widget elementor-widget-heading\" data-id=\"f3b1a75\" data-element_type=\"widget\" data-widget_type=\"heading.default\">\n\t\t\t\t<div class=\"elementor-widget-container\">\n\t\t\t\t\t<h3 class=\"elementor-heading-title elementor-size-default\">Compra de casa<\/h3>\t\t\t\t<\/div>\n\t\t\t\t<\/div>\n\t\t\t\t<div class=\"elementor-element elementor-element-cb2d76d elementor-widget elementor-widget-text-editor\" data-id=\"cb2d76d\" data-element_type=\"widget\" data-widget_type=\"text-editor.default\">\n\t\t\t\t<div class=\"elementor-widget-container\">\n\t\t\t\t\t\t\t\t\t<p>Cumple el sue\u00f1o de tener tu propio hogar con una gu\u00eda clara y personalizada.<\/p><p><br \/>Te acompa\u00f1o en cada paso del proceso, desde la precalificaci\u00f3n con el pr\u00e9stamo hasta la entrega de llaves.<\/p><p>Mi meta es que tomes decisiones seguras, informadas y sin estr\u00e9s, para que disfrutes tu nuevo hogar desde el primer momento.<\/p>\t\t\t\t\t\t\t\t<\/div>\n\t\t\t\t<\/div>\n\t\t\t\t<\/div>\n\t\t<div class=\"elementor-element elementor-element-66b65a3 e-con-full e-flex e-con e-child\" data-id=\"66b65a3\" data-element_type=\"container\">\n\t\t\t\t<div class=\"elementor-element elementor-element-3853600 elementor-widget elementor-widget-heading\" data-id=\"3853600\" data-element_type=\"widget\" data-widget_type=\"heading.default\">\n\t\t\t\t<div class=\"elementor-widget-container\">\n\t\t\t\t\t<h3 class=\"elementor-heading-title elementor-size-default\">Venta de casa<\/h3>\t\t\t\t<\/div>\n\t\t\t\t<\/div>\n\t\t\t\t<div class=\"elementor-element elementor-element-b7d895b elementor-widget elementor-widget-text-editor\" data-id=\"b7d895b\" data-element_type=\"widget\" data-widget_type=\"text-editor.default\">\n\t\t\t\t<div class=\"elementor-widget-container\">\n\t\t\t\t\t\t\t\t\t<p>Si est\u00e1s pensando en vender, te ayudar\u00e9 a obtener el mejor precio posible por tu propiedad.<\/p><p>Dise\u00f1o una estrategia personalizada de marketing, fotograf\u00edas profesionales y promoci\u00f3n en plataformas clave.<\/p><p>Mi compromiso es vender r\u00e1pido, con confianza y al mejor valor\u00a0de\u00a0mercado.<\/p>\t\t\t\t\t\t\t\t<\/div>\n\t\t\t\t<\/div>\n\t\t\t\t<\/div>\n\t\t<div class=\"elementor-element elementor-element-b52503c e-con-full e-flex e-con e-child\" data-id=\"b52503c\" data-element_type=\"container\">\n\t\t\t\t<\/div>\n\t\t\t\t<\/div>\n\t\t<div class=\"aux-parallax-section elementor-element elementor-element-1ddce7e e-con-full e-flex e-con e-parent\" data-id=\"1ddce7e\" data-element_type=\"container\">\n\t\t<div class=\"elementor-element elementor-element-fb58656 e-con-full e-flex e-con e-child\" data-id=\"fb58656\" data-element_type=\"container\">\n\t\t\t\t<\/div>\n\t\t<div class=\"elementor-element elementor-element-2896919 e-con-full e-flex e-con e-child\" data-id=\"2896919\" data-element_type=\"container\">\n\t\t\t\t<div class=\"elementor-element elementor-element-e4a8afa elementor-widget elementor-widget-heading\" data-id=\"e4a8afa\" data-element_type=\"widget\" data-widget_type=\"heading.default\">\n\t\t\t\t<div class=\"elementor-widget-container\">\n\t\t\t\t\t<h3 class=\"elementor-heading-title elementor-size-default\">Inversi\u00f3n en bienes ra\u00edces<\/h3>\t\t\t\t<\/div>\n\t\t\t\t<\/div>\n\t\t\t\t<div class=\"elementor-element elementor-element-8bbd49b elementor-widget elementor-widget-text-editor\" data-id=\"8bbd49b\" data-element_type=\"widget\" data-widget_type=\"text-editor.default\">\n\t\t\t\t<div class=\"elementor-widget-container\">\n\t\t\t\t\t\t\t\t\t<p>Si deseas invertir en propiedades, te asesoro para elegir opciones rentables y seguras.<\/p><p>Analizo contigo la ubicaci\u00f3n, el retorno esperado y el tipo de inversi\u00f3n m\u00e1s conveniente seg\u00fan tus metas.<\/p><p>Juntos creamos una estrategia que te acerque a tu libertad financiera y crecimiento\u00a0patrimonial.<\/p>\t\t\t\t\t\t\t\t<\/div>\n\t\t\t\t<\/div>\n\t\t\t\t<\/div>\n\t\t<div class=\"elementor-element elementor-element-c3c3222 e-con-full e-flex e-con e-child\" data-id=\"c3c3222\" data-element_type=\"container\">\n\t\t\t\t<div class=\"elementor-element elementor-element-85fb093 elementor-widget elementor-widget-heading\" data-id=\"85fb093\" data-element_type=\"widget\" data-widget_type=\"heading.default\">\n\t\t\t\t<div class=\"elementor-widget-container\">\n\t\t\t\t\t<h3 class=\"elementor-heading-title elementor-size-default\">Renta de casas y apartamentos<\/h3>\t\t\t\t<\/div>\n\t\t\t\t<\/div>\n\t\t\t\t<div class=\"elementor-element elementor-element-7424df0 elementor-widget elementor-widget-text-editor\" data-id=\"7424df0\" data-element_type=\"widget\" data-widget_type=\"text-editor.default\">\n\t\t\t\t<div class=\"elementor-widget-container\">\n\t\t\t\t\t\t\t\t\t<p>Si est\u00e1s buscando un lugar para vivir, te ayudo a rentar la casa o el apartamento ideal para ti y tu familia.<\/p><p>Qu\u00e9 ofrezco:<\/p><p>Opciones actualizadas en distintas zonas de Florida Central (Haines City, Davenport, Kissimmee, Winter Haven y alrededores).<\/p><p>Acompa\u00f1amiento en todo el proceso de b\u00fasqueda, aplicaci\u00f3n y firma del contrato.<\/p><p>Asesor\u00eda sobre requisitos, dep\u00f3sitos, historial crediticio e ingresos m\u00ednimos para calificar.<\/p><p>Orientaci\u00f3n para quienes acaban de llegar al pa\u00eds o a\u00fan no tienen cr\u00e9dito establecido.<\/p><p><br \/>Adem\u00e1s, si eres propietario, tambi\u00e9n puedo ayudarte a colocar tu propiedad en renta de manera segura, encontrando inquilinos responsables y manejando la<\/p>\t\t\t\t\t\t\t\t<\/div>\n\t\t\t\t<\/div>\n\t\t\t\t<\/div>\n\t\t<div class=\"elementor-element elementor-element-b79274b e-con-full e-flex e-con e-child\" data-id=\"b79274b\" data-element_type=\"container\">\n\t\t\t\t<\/div>\n\t\t\t\t<\/div>\n\t\t\t\t<\/div>\n\t\t","protected":false},"excerpt":{"rendered":"<p>SERVICIOS Compra de casa Cumple el sue\u00f1o de tener tu propio hogar con una gu\u00eda clara y personalizada. Te acompa\u00f1o en cada paso del proceso, desde la precalificaci\u00f3n con el pr\u00e9stamo hasta la entrega de llaves. Mi meta es que tomes decisiones seguras, informadas y sin estr\u00e9s, para que disfrutes tu nuevo hogar desde el [&hellip;]<\/p>\n","protected":false},"author":2,"featured_media":0,"parent":0,"menu_order":0,"comment_status":"closed","ping_status":"closed","template":"","meta":{"footnotes":""},"class_list":["post-186","page","type-page","status-publish","hentry"],"_links":{"self":[{"href":"https:\/\/realtormariasoto.com\/index.php?rest_route=\/wp\/v2\/pages\/186","targetHints":{"allow":["GET"]}}],"collection":[{"href":"https:\/\/realtormariasoto.com\/index.php?rest_route=\/wp\/v2\/pages"}],"about":[{"href":"https:\/\/realtormariasoto.com\/index.php?rest_route=\/wp\/v2\/types\/page"}],"author":[{"embeddable":true,"href":"https:\/\/realtormariasoto.com\/index.php?rest_route=\/wp\/v2\/users\/2"}],"replies":[{"embeddable":true,"href":"https:\/\/realtormariasoto.com\/index.php?rest_route=%2Fwp%2Fv2%2Fcomments&post=186"}],"version-history":[{"count":5,"href":"https:\/\/realtormariasoto.com\/index.php?rest_route=\/wp\/v2\/pages\/186\/revisions"}],"predecessor-version":[{"id":194,"href":"https:\/\/realtormariasoto.com\/index.php?rest_route=\/wp\/v2\/pages\/186\/revisions\/194"}],"wp:attachment":[{"href":"https:\/\/realtormariasoto.com\/index.php?rest_route=%2Fwp%2Fv2%2Fmedia&parent=186"}],"curies":[{"name":"wp","href":"https:\/\/api.w.org\/{rel}","templated":true}]}}